{"id":724,"date":"2022-02-23T15:45:53","date_gmt":"2022-02-23T18:45:53","guid":{"rendered":"https:\/\/coretarapaca.cl\/wp\/?page_id=724"},"modified":"2025-06-16T12:11:57","modified_gmt":"2025-06-16T16:11:57","slug":"estrategia","status":"publish","type":"page","link":"https:\/\/coretarapaca.cl\/wp\/?page_id=724","title":{"rendered":"ESTRATEGIA REGIONAL DE DESARROLLO 2023-2033"},"content":{"rendered":"\n<h2 class=\"wp-block-heading\">\u00a1Proponiendo una visi\u00f3n com\u00fan de nuestro territorio!<\/h2>\n\n\n\n<p><\/p>\n\n\n\n<p><\/p>\n\n\n\n<p>El 26 de mayo de 2023, se inici\u00f3 el estudio de Actualizaci\u00f3n de Desarrollo Regional de Tarapac\u00e1, proceso liderado por el Gobierno Regional de Tarapac\u00e1, a trav\u00e9s de la Divisi\u00f3n de Planificaci\u00f3n y Desarrollo Regional, Diplad, y desarrollado en conjunto con la Facultad de Gobierno de la Universidad de Chile. Esta iniciativa es financiada con recursos del Fondo Nacional de Desarrollo Regional (FNDR).<\/p>\n\n\n\n<p>Pero \u00bfQu\u00e9 es la ERD? Es un instrumento de planificaci\u00f3n regional, de mediano y largo plazo, con un car\u00e1cter amplio y plural, que expresa los grandes objetivos y prioridades regionales, estableciendo los lineamientos para orientar las iniciativas de inversi\u00f3n p\u00fablica que buscan alcanzar tales objetivos.<\/p>\n\n\n\n<p>Este importante instrumento rector de planificaci\u00f3n regional, entrega las orientaciones a los esfuerzos del quehacer institucional, proveyendo un conjunto estructurado de proposiciones que ser\u00e1n base para la formulaci\u00f3n de pol\u00edticas, planes, programas y proyectos. Estos, deben ir en l\u00ednea con los objetivos estrat\u00e9gicos planteados para el desarrollo planteado para la Regi\u00f3n de Tarapac\u00e1. El proceso de planeaci\u00f3n estrat\u00e9gica debe ser asumido como un esfuerzo organizacional, bien definido y disciplinado, que incluye la etapa de implementaci\u00f3n y seguimiento de este.<\/p>\n\n\n\n<p>Este relevante instrumento nos invita a enfrentar las problem\u00e1ticas y brechas de la regi\u00f3n, pero, esencialmente, nos desaf\u00eda a construir un proyecto de desarrollo regional en distintos \u00e1mbitos, tales como desarrollo econ\u00f3mico, educaci\u00f3n y capital humano, desarrollo social y cultural, medio ambiente y cambio clim\u00e1tico, desarrollo urbano territorial y desarrollo institucional.<\/p>\n\n\n\n<p><em><strong>Algunos de los hitos m\u00e1s destacados de este proceso, son:<\/strong><\/em><\/p>\n\n\n\n<ul class=\"wp-block-list\">\n<li>Junio \u2013 agosto 2023: Elaboraci\u00f3n de Diagn\u00f3stico y An\u00e1lisis situacional de la regi\u00f3n.<\/li>\n\n\n\n<li>Agosto \u2013 septiembre 2023: Elaboraci\u00f3n de Escenarios de Desarrollo y propuesta de Imagen Objetivo.<\/li>\n\n\n\n<li>Octubre \u2013 diciembre 2023: Definici\u00f3n de Lineamientos, Objetivos y Metas.<\/li>\n\n\n\n<li>Diciembre 2023 \u2013 enero 2024: Propuesta de Plan de Gesti\u00f3n y Plan de Seguimiento de la ERD.<\/li>\n\n\n\n<li>Enero \u2013 febrero 2024: Desarrollo de proceso de sociabilizaci\u00f3n y aprobaci\u00f3n de la ERD.<\/li>\n<\/ul>\n\n\n\n<p>A lo anterior, cabe a\u00f1adir que, cada una de las etapas ha contemplado el desarrollo de distintas instancias de despliegue en todas las comunas de la regi\u00f3n, en forma de talleres, focus group y entrevistas a actores claves, contando con la participaci\u00f3n de representantes de la sociedad civil, comunidades ind\u00edgenas, \u00e1mbito tur\u00edstico, productivo, empresarial, entre otros.<\/p>\n\n\n\n<div data-wp-interactive=\"core\/file\" class=\"wp-block-file\"><object data-wp-bind--hidden=\"!state.hasPdfPreview\" hidden class=\"wp-block-file__embed\" data=\"https:\/\/coretarapaca.cl\/wp\/wp-content\/uploads\/ERD-Tarapaca-2023-2033.pdf\" type=\"application\/pdf\" style=\"width:100%;height:600px\" aria-label=\"Incrustado de ERD-Tarapac\u00e1-2023-2033.\"><\/object><a id=\"wp-block-file--media-f25750ca-64de-4dc3-a27b-be379f09872b\" href=\"https:\/\/coretarapaca.cl\/wp\/wp-content\/uploads\/ERD-Tarapaca-2023-2033.pdf\">ERD-Tarapac\u00e1-2023-2033<\/a><a href=\"https:\/\/coretarapaca.cl\/wp\/wp-content\/uploads\/ERD-Tarapaca-2023-2033.pdf\" class=\"wp-block-file__button wp-element-button\" download aria-describedby=\"wp-block-file--media-f25750ca-64de-4dc3-a27b-be379f09872b\">Descargar<\/a><\/div>\n\n\n\n<div class=\"wp-block-columns is-layout-flex wp-container-core-columns-is-layout-9d6595d7 wp-block-columns-is-layout-flex\"><\/div>\n\n\n\n<p><\/p>\n","protected":false},"excerpt":{"rendered":"<p>\u00a1Proponiendo una visi\u00f3n com\u00fan de nuestro territorio! El 26 de mayo de 2023, se inici\u00f3 el estudio de Actualizaci\u00f3n de Desarrollo Regional de Tarapac\u00e1, proceso liderado por el Gobierno Regional de Tarapac\u00e1, a trav\u00e9s de la Divisi\u00f3n de Planificaci\u00f3n y Desarrollo Regional, Diplad, y desarrollado en conjunto con la Facultad de Gobierno de la Universidad [&hellip;]<\/p>\n","protected":false},"author":1,"featured_media":0,"parent":0,"menu_order":0,"comment_status":"closed","ping_status":"closed","template":"","meta":{"_mi_skip_tracking":false,"footnotes":""},"class_list":["post-724","page","type-page","status-publish","hentry"],"_links":{"self":[{"href":"https:\/\/coretarapaca.cl\/wp\/index.php?rest_route=\/wp\/v2\/pages\/724","targetHints":{"allow":["GET"]}}],"collection":[{"href":"https:\/\/coretarapaca.cl\/wp\/index.php?rest_route=\/wp\/v2\/pages"}],"about":[{"href":"https:\/\/coretarapaca.cl\/wp\/index.php?rest_route=\/wp\/v2\/types\/page"}],"author":[{"embeddable":true,"href":"https:\/\/coretarapaca.cl\/wp\/index.php?rest_route=\/wp\/v2\/users\/1"}],"replies":[{"embeddable":true,"href":"https:\/\/coretarapaca.cl\/wp\/index.php?rest_route=%2Fwp%2Fv2%2Fcomments&post=724"}],"version-history":[{"count":11,"href":"https:\/\/coretarapaca.cl\/wp\/index.php?rest_route=\/wp\/v2\/pages\/724\/revisions"}],"predecessor-version":[{"id":2292,"href":"https:\/\/coretarapaca.cl\/wp\/index.php?rest_route=\/wp\/v2\/pages\/724\/revisions\/2292"}],"wp:attachment":[{"href":"https:\/\/coretarapaca.cl\/wp\/index.php?rest_route=%2Fwp%2Fv2%2Fmedia&parent=724"}],"curies":[{"name":"wp","href":"https:\/\/api.w.org\/{rel}","templated":true}]}}

<h2 class="wp-block-heading">¡Proponiendo una visión común de nuestro territorio!</h2>



<p></p>



<p></p>



<p>El 26 de mayo de 2023, se inició el estudio de Actualización de Desarrollo Regional de Tarapacá, proceso liderado por el Gobierno Regional de Tarapacá, a través de la División de Planificación y Desarrollo Regional, Diplad, y desarrollado en conjunto con la Facultad de Gobierno de la Universidad de Chile. Esta iniciativa es financiada con recursos del Fondo Nacional de Desarrollo Regional (FNDR).</p>



<p>Pero ¿Qué es la ERD? Es un instrumento de planificación regional, de mediano y largo plazo, con un carácter amplio y plural, que expresa los grandes objetivos y prioridades regionales, estableciendo los lineamientos para orientar las iniciativas de inversión pública que buscan alcanzar tales objetivos.</p>



<p>Este importante instrumento rector de planificación regional, entrega las orientaciones a los esfuerzos del quehacer institucional, proveyendo un conjunto estructurado de proposiciones que serán base para la formulación de políticas, planes, programas y proyectos. Estos, deben ir en línea con los objetivos estratégicos planteados para el desarrollo planteado para la Región de Tarapacá. El proceso de planeación estratégica debe ser asumido como un esfuerzo organizacional, bien definido y disciplinado, que incluye la etapa de implementación y seguimiento de este.</p>



<p>Este relevante instrumento nos invita a enfrentar las problemáticas y brechas de la región, pero, esencialmente, nos desafía a construir un proyecto de desarrollo regional en distintos ámbitos, tales como desarrollo económico, educación y capital humano, desarrollo social y cultural, medio ambiente y cambio climático, desarrollo urbano territorial y desarrollo institucional.</p>



<p><em><strong>Algunos de los hitos más destacados de este proceso, son:</strong></em></p>



<ul class="wp-block-list">
<li>Junio – agosto 2023: Elaboración de Diagnóstico y Análisis situacional de la región.</li>



<li>Agosto – septiembre 2023: Elaboración de Escenarios de Desarrollo y propuesta de Imagen Objetivo.</li>



<li>Octubre – diciembre 2023: Definición de Lineamientos, Objetivos y Metas.</li>



<li>Diciembre 2023 – enero 2024: Propuesta de Plan de Gestión y Plan de Seguimiento de la ERD.</li>



<li>Enero – febrero 2024: Desarrollo de proceso de sociabilización y aprobación de la ERD.</li>
</ul>



<p>A lo anterior, cabe añadir que, cada una de las etapas ha contemplado el desarrollo de distintas instancias de despliegue en todas las comunas de la región, en forma de talleres, focus group y entrevistas a actores claves, contando con la participación de representantes de la sociedad civil, comunidades indígenas, ámbito turístico, productivo, empresarial, entre otros.</p>



<div data-wp-interactive="core/file" class="wp-block-file"><object data-wp-bind--hidden="!state.hasPdfPreview" hidden class="wp-block-file__embed" data="https://coretarapaca.cl/wp/wp-content/uploads/ERD-Tarapaca-2023-2033.pdf" type="application/pdf" style="width:100%;height:600px" aria-label="Incrustado de ERD-Tarapacá-2023-2033."></object><a id="wp-block-file--media-f25750ca-64de-4dc3-a27b-be379f09872b" href="https://coretarapaca.cl/wp/wp-content/uploads/ERD-Tarapaca-2023-2033.pdf">ERD-Tarapacá-2023-2033</a><a href="https://coretarapaca.cl/wp/wp-content/uploads/ERD-Tarapaca-2023-2033.pdf" class="wp-block-file__button wp-element-button" download aria-describedby="wp-block-file--media-f25750ca-64de-4dc3-a27b-be379f09872b">Descargar</a></div>



<div class="wp-block-columns is-layout-flex wp-container-core-columns-is-layout-9d6595d7 wp-block-columns-is-layout-flex"></div>



<p></p>

<p>¡Proponiendo una visión común de nuestro territorio! El 26 de mayo de 2023, se inició el estudio de Actualización de Desarrollo Regional de Tarapacá, proceso liderado por el Gobierno Regional de Tarapacá, a través de la División de Planificación y Desarrollo Regional, Diplad, y desarrollado en conjunto con la Facultad de Gobierno de la Universidad [&hellip;]</p>
